80 + -233 + 95 + 7?
-51
What is the value of (-3 - 149) + 137 + -47?
-62
Calculate 0 + 3 - (-16 + (32 - 4 - (-93 + 119))).
17
What is the value of -26 + 0 - (3 - (-7 - 0 - (-4 + -11)))?
-21
Calculate 6 + -2 - (-10 + -46 + 17) - -9 - -1.
53
Evaluate 58 + (33 - 35) + 13 - (7 - 14).
76
Calculate -53 + (-17 - -71 - 53).
-52
What is 38 + (-1 - -7) + 6 + (-62 - -46)?
34
What is the value of 100 + -4 + -5 + -42 + 44?
93
Calculate (-1 - 1) + 34 + -49 - -8.
-9
What is the value of 23 - (-38 - 69 - -2)?
128
(-152 - -128) + 44 + 2 - 4
18
Evaluate -14 + (7 - ((-4 - 1) + 11) - (14 - 10)).
-17
41 - (-52 - (55 - 104))
44
What is 5 + (4 + (-9 - (-7 - -10)) + -4 - 60)?
-67
Evaluate 6 + (-1 - (-20 + 17)) + 0 + -9 + 6.
5
Calculate (-64 - 2) + -2 - ((66 - 28) + -16).
-90
Evaluate -63 + (17 - 31) + 36 - 23.
-64
(7 - (-23 + 41 - 15)) + (3 - 26 - -2)
-17
Calculate (-50 - -40) + (-2 + 16 - -53).
57
What is -431 + 491 + (-4 - 100)?
-44
11 - (-104 + 44) - 31
40
Evaluate 111 - 144 - (0 + 2 + -5 + 0 + 3).
-33
Calculate -4074 - -4066 - (-87 + 1).
78
What is 60 - (-1 + 2) - (14 + 0 + 4 + -16)?
57
Evaluate -3 - ((-17 - 1 - (7 - -1)) + 2) - 9.
12
(20 - (3 - -2 - (15 + -5))) + -7 + 3
21
What is (-13 - (-5 + 3)) + 4 + -3 - -3 - -10?
3
Calculate 60 - 100 - -72 - (21 + 0).
11
What is (-1 - -51) + (-94 + 151 - 67)?
40
Calculate 1 + -3 + 20 - (121 + -113) - (-1 + 8).
3
What is 0 + -5 + -125 + 60 + -50?
-120
34 + -19 + -18 + (-24 - (-5 + -4))
-18
What is (19 - (24 + -5 + -11)) + (-1 - 6)?
4
What is (36 - (-14 - -38)) + -27 + 98?
83
What is the value of -3 + -23 + (40 - (74 + -11))?
-49
11 - -13 - (83 - 17) - (13 - 2 - 0)
-53
What is 54 + -79 + -31 - -31?
-25
Calculate (-30 - (-42 + 31)) + 27.
8
What is -27 + 57 + -169 + 21 - (2 - 1)?
-119
-10 + 22 + -7 + 5 + 7 + -5
12
What is the value of (8 + 70 - -15) + -58?
35
What is (1 - 0) + (-6 - -61 - -5) + (-11 - -3)?
53
Calculate (1 - -4 - (1 - 22)) + (39 - 33).
32
What is (955 - 1089) + (19 - -2 - 3) + -1?
-117
What is 0 - -8 - (77 + 1 + 31 + -6 + -20)?
-75
What is 57 - ((19 - 45) + 38 - -10)?
35
What is 18 + -78 + (-1 - 12 - -25)?
-48
Evaluate (29029 - 28860) + -1 + -77.
91
What is the value of -60 + (111 + -61 - 37)?
-47
423 - 447 - (4 + 0 + -18)
-10
(-24 - 9) + (52 - -15)
34
Calculate -95 + 153 - 41 - 37.
-20
What is 3510 + -3529 + 27 + -1 + 0 - (1 + 3)?
3
Calculate 5 + 9 + (-15 + 21 + -5 - (82 - 1)).
-66
Evaluate 1 - -12 - (9 + (-21 - (-27 - -5 - 11))).
-8
Calculate 93 + (114 - 81 - 85).
41
What is the value of (0 - 73) + ((41 - -51) + -64 - 26)?
-71
What is -40 + -27 - (8 + 1) - ((1 - -5) + -4)?
-78
What is -95 + (15 - -96) - (-1 - -45)?
-28
What is the value of 1 + (2 - (-24 + 13)) + -34?
-20
-1309 - -1368 - (72 - 1)
-12
49 + (-1 + -2 - -4 - (9 - (18 - -1)))
60
What is -71 - ((1 - (-1 - -1)) + (22 - (14 + 16)))?
-64
Calculate 105 + (-29 - -27 - 9 - 9).
85
-1 + -71 - (1414 + -1426)
-60
What is 0 + -24 + 1 + -24 + 10 + -3?
-40
What is (81 - 3) + -694 + 655?
39
Calculate -49 + 26 + (-43 - (17 - 46)).
-37
What is the value of -35 + 56 + 21 + -34 + 0?
8
Calculate -23 - -7 - (20 + 10 + -17 + -14).
-15
(-53 - -34 - 18) + 23
-14
-25 - -46 - ((-14 - -13) + (1 - 0))
21
Calculate 26 + -33 + -24 - -9.
-22
3 + 4 + (2 - (-12 + 4 + 3 + 68))
-54
What is the value of -21 + 15 + (-3 - 8) - 11?
-28
Calculate 1106 + -1115 + (4 - -1).
-4
-42 - -88 - 161 - (5 - 9)
-111
Evaluate -20 - ((13 - 67) + 31) - (1 + -66).
68
49 - ((112 - 62) + -27)
26
Evaluate 3 + (4 - -73) - (16 + (39 - 51)) - 13.
63
Evaluate (-996 - -1012) + (-27 - 0) - (26 + 2 + -3).
-36
What is the value of 3 + (-32 - (-10 + -1 + 16 + -15 + 7))?
-26
What is the value of -53 + 46 + -86 + 48?
-45
What is the value of (-2 - -20) + (98 + -2 - 146)?
-32
What is the value of (21 - 35) + 0 - -61 - 10?
37
Evaluate -18 - -2 - ((117 - 194) + -11 + -3).
75
Calculate ((7 - 3) + 7 + -22 - -11) + 24.
24
What is 2 + 1 + -6 - -1 - (196 + -209)?
11
What is 2484 - 2464 - (1 - -4)?
15
What is (27 + -7 - 45) + 35?
10
Evaluate (-10 - 2) + -65 + -8 + 10 + 7 + -21.
-89
Calculate 130 + -51 + -114 - 96.
-131
What is the value of 21 + (0 - 18) + -7 + 10 + (-1 - -2)?
7
What is (72 + -73 - (74 + (-8 - -2))) + 14?
-55
10 - (-20 - (0 - 15)) - 21
-6
10 + (4 - -2) + (-22 - -13) - (16 - 10)
1
(-980 + 996 - (1 + 31 + 0)) + -30
-46
What is -8 + (-22 + 4 - 12 - 5)?
-43
Calculate 136 - (-115 + 298) - (-2 + 14 + -1).
-58
What is the value of -31 + (5 - 2 - ((-53 - -17) + 31))?
-23
What is the value of -29 - 1 - (1422 + -1472)?
20
-79 + (-82 + 227 - -43)
109
Evaluate (-19 - (15 + -5 + -45)) + 4.
20
What is the value of (32 - 37 - (-34 + 8)) + (1 - 144)?
-122
What is -13 - (69 + (-6 + 1 - 2))?
-75
Evaluate 32 + (-35 - (-93 + 61)).
29
What is the value of (269 - 285) + -33 + 12?
-37
What is the value of 2 + (-24 - -8) - -6 - (164 - 177)?
5
What is the value of 15 + -2 - ((52 - (-2 + -19)) + -24)?
-36
Evaluate (17 - (7 - -2 - -88)) + 18.
-62
-25 + (4 - -121) + 291 + -278
113
What is the value of -16 - (29 + 25) - -20?
-50
What is the value of (-4000 - -3982) + (1 + -2 - -11)?
-8
Calculate (6 - 31) + -442 + 467.
0
48 + (47 - 87) - (3 - 11) - 41
-25
(-2 - 13) + (18 + -33 - -1 - -28)
-1
10 + -22 + -7 + 18 - (67 + -114)
46
61 - (-58 - -128) - (-3 + (66 - 1))
-71
Evaluate 9 + (-27 - -5) - (1 + -35).
21
What is the value of (-2 - -24) + (-110 - -87) - -18?
17
Calculate 41 - (-82 + 21 - -183).
-81
What is the value of (49 - 1) + -2710 + 2613?
-49
What is the value of 1 + (5 - (18 - 7)) - (-5 + 5 + -22)?
17
What is the value of 73 + (29 - 23) + -127?
-48
-1145 - -1157 - ((-4 - -36) + 7)
-27
Calculate 0 - (3 - 12 - -2 - (3 + -20 + -10)).
-20
Evaluate 8 + (20 - 32) - (2 - 6 - -14).
-14
What is the value of -2 + (13 - (3 + 26 + 3 + -7))?
-14
What is 39 + -17 + -17 - (29 + -3)?
-21
What is -3 - -10 - (454 - 463)?
16
-12 + -16 - (-131 - -166)
-63
Calculate (13 - (24 + 2)) + -11 + (0 - 9).
-33
Evaluate (-27 - -1) + -819 + 801.
-44
What is -9 - (5 - (-19 + 0) - (21 + -3))?
-15
Calculate 2 + 4 + (249 - 277) - 24.
-46
What is the value of -71 + (-107 - (80 - 228))?
-30
What is -49 + -13 + 34 - -38?
10
What is the value of 184 - (10 - -75) - 81?
18
Calculate -25 + (0 - -25) - (-7 + -7).
14
Calculate -16 + 13 + (14 - (9 - -8)) + 82.
76
Calculate 22 - 127 - (43 - (78 + -24) - (-1 - -3)).
-92
What is 7 + 48 - (-4 + (-45 - -45))?
59
What is (-11 + -1 + 5 + 1 - (-1 + -10)) + -65?
-60
What is the value of 16 + (-19 - -51) - ((-5 - 13) + 0)?
66
(-1 + -1 - -21) + (-7 - (62 - 64))
14
10 - 0 - (-1097 + 1178) - 6
-77
Calculate (-144 + 122 - (-16 + 3)) + 0 + 38.
29
Calculate -5 - (8 - (1 - 0) - (162 - 127) - -6).
17
Calculate (71 - (3 - (-12 + 9))) + -126 + 114.
53
What is the value of (-15 - -10) + (-13 - -41) + -93 + (-14 - 0)?
-84
What is (-4 - 1) + 29 + -41 + 8 + -6 + 4?
-11
What is the value of 10 + (-4 - -2 - (3 - (-5 - -10)) - -6)?
16
What is (-154 - -116) + -41 - -155?
76
(-13 - -29) + -6 + (-2 + 113 - (88 + -86))
119
What is -1 + -7 + 4 + -4 + 0 - (-4 - 49)?
45
Calculate (17 - -1) + (-158 - -220 - 129).
-49
Evaluate -18185 + 18142 - (8 - (1 - 0)).
-50
What is -50 + -88 + (-4 - -175)?
33
0 + 2 + -1 + 7 + -27 + 47
28
Calculate (-97 + -24 + 7 - -30) + 2.
-82
(118 - (-5 - -4 - (-6 + 10))) + -277 + 268
114
Calculate (-155 - -6) + (47 - (38 + -22)).
-118
33 + -143 - (-177 - -6)
61
-96 + (0 - -2) + -31 + (10 - -36) + -18
-97
What is the value of 6 - (-11 - 23 - -41)?
-1
What is 113 + (61 - 78) - 72?
24
What is -30 + -27 + (18 - 14 - -9)?
-44
What is 73 - (-8 - -2) - (14 + 18 + -46)?
93
Evaluate -8 + 6 + (21 - 28) + 4 + 6.
1
(2 - 2) + 5 + -6 + -4 + -70 - 1
-76
Evaluate (1 - 2) + -15 + (68 - 29) + 20.
43
What is 0 + 63 + -3 + (-4 - -10) + -15 + 22?
73
-154 - -47 - -61 - (12 + -4)
-54
-1 + -144 + (5136 - 5058)
-67
Calculate (13 - ((31 - 12) + -56)) + -20.
30
Calculate -14 + 16 + (173 - 48) + (-1 - 7) - 14.
105
Calculate 12 - -3 - (-26 + -37 - -54).
24
What is the value of -3 - (-1417 - -1433 - (1 + 6))?
-12
What is -3 + -7 - -3 - (9 - (3 - -36))?
23
What is 11 + (-1 + -7 - (15 - 19) - (243 + -233))?
-3
What is the value of 19 - -1 - (-243 + 207)?
56
2 + -13 + 16 + -2 + -28 - -13
-12
-2 + (1 - (-10 - (-15 + 16))) + 11 + 14
35
49 + (-24 - -23) + (-5 - 2)
41
What is -9 - ((-3 - -2) + (4 - 1) + -52)?
41
What is -77 + 39 + 6 + 8?
-24
What is the value of (0 - -37